the highest common divisor of 164162718 and 18?
18
Calculate the greatest common factor of 130262925 and 10353.
1479
Calculate the highest common divisor of 4507465 and 51680.
1615
What is the highest common divisor of 7163 and 63075?
29
Calculate the highest common factor of 1324435 and 9875.
395
What is the greatest common divisor of 11505084 and 36924?
2172
What is the greatest common factor of 14674179 and 663?
663
Calculate the greatest common factor of 5973205 and 595.
595
What is the greatest common divisor of 4602 and 256119?
177
What is the greatest common factor of 2967507 and 5517?
9
Calculate the greatest common divisor of 25368 and 7476.
84
What is the greatest common divisor of 50266 and 27257658?
1226
What is the greatest common divisor of 67716 and 174042?
594
Calculate the greatest common factor of 18003953 and 297.
11
What is the highest common factor of 40060111 and 273?
91
What is the highest common divisor of 30 and 223493685?
15
What is the greatest common factor of 2192505 and 805315?
4655
What is the highest common factor of 7282833 and 4161?
57
Calculate the highest common factor of 25 and 73080325.
25
What is the greatest common divisor of 195 and 909045?
15
Calculate the highest common factor of 19680 and 1168664.
328
Calculate the highest common divisor of 5213592 and 1464.
24
Calculate the highest common factor of 552 and 44963919.
69
Calculate the highest common factor of 5393 and 631212899.
5393
Calculate the greatest common divisor of 49 and 605003.
49
Calculate the greatest common factor of 155 and 15064202.
31
What is the greatest common divisor of 9 and 10439595?
9
Calculate the greatest common divisor of 17212 and 54548.
52
Calculate the greatest common divisor of 13438 and 57118219.
6719
What is the highest common divisor of 896 and 676144?
112
What is the greatest common factor of 615 and 5681085?
15
Calculate the highest common divisor of 3136 and 171.
1
Calculate the highest common divisor of 7973 and 7509937.
17
What is the greatest common factor of 300295 and 189568985?
10355
Calculate the greatest common divisor of 42526 and 46178.
22
Calculate the highest common factor of 48 and 579526432.
16
What is the greatest common divisor of 492842466 and 12?
6
What is the highest common divisor of 115 and 121162045?
115
Calculate the highest common factor of 108612 and 39256.
28
What is the greatest common divisor of 2115 and 7708235?
235
What is the greatest common factor of 1308504768 and 304?
304
What is the highest common divisor of 324715 and 768385?
3215
What is the highest common factor of 2299 and 7227814?
121
Calculate the greatest common factor of 15592601 and 2.
1
What is the greatest common factor of 18332496 and 6408?
72
What is the greatest common divisor of 39 and 500994?
39
Calculate the greatest common divisor of 7240211 and 27649.
43
Calculate the highest common divisor of 7 and 178416448.
7
Calculate the greatest common divisor of 245 and 153119855.
245
What is the highest common factor of 35352490 and 110074?
2342
What is the greatest common divisor of 19320 and 4885545?
2415
What is the highest common factor of 26 and 34935914?
26
What is the greatest common divisor of 5118500 and 9884?
1412
Calculate the highest common factor of 7980 and 31474184.
532
Calculate the highest common factor of 1759728 and 32696.
488
Calculate the greatest common divisor of 45 and 757957455.
45
What is the greatest common divisor of 357595 and 8763181?
4207
What is the highest common factor of 244 and 21184934?
122
Calculate the highest common factor of 2212484 and 6296487.
7577
What is the greatest common divisor of 334990 and 20294?
278
Calculate the highest common divisor of 69423 and 1452177.
951
What is the greatest common divisor of 1363240 and 25610?
1970
Calculate the highest common factor of 3197 and 152551249.
3197
Calculate the greatest common factor of 738 and 26755698.
246
What is the greatest common factor of 132 and 81697638?
66
Calculate the highest common divisor of 23407857 and 240999.
2211
Calculate the greatest common factor of 375 and 39978.
3
What is the greatest common divisor of 3078 and 22914684?
1026
Calculate the highest common divisor of 45962 and 2380.
14
Calculate the highest common factor of 187981625 and 25.
25
Calculate the highest common factor of 513540 and 120.
60
Calculate the highest common divisor of 572 and 276958.
22
Calculate the greatest common factor of 1380544 and 16192.
704
Calculate the greatest common factor of 18385739 and 2407.
29
Calculate the highest common factor of 747 and 69950823.
249
What is the highest common factor of 49357 and 54201037?
7051
Calculate the highest common divisor of 13986 and 17316.
666
What is the greatest common factor of 9672318 and 108?
54
What is the greatest common factor of 2070761 and 121?
11
Calculate the greatest common factor of 1033975 and 5959.
59
Calculate the highest common divisor of 62090 and 7910.
70
What is the greatest common factor of 99 and 12119283?
99
What is the greatest common divisor of 1683148 and 44564?
3428
What is the greatest common factor of 166093311 and 3882?
1941
What is the greatest common factor of 695473 and 564882?
3037
Calculate the highest common factor of 2291 and 1994987.
79
Calculate the highest common divisor of 179670719 and 1.
1
Calculate the highest common divisor of 88 and 3990778.
22
What is the greatest common factor of 74148 and 499497?
501
What is the greatest common factor of 28041 and 21333?
39
Calculate the highest common divisor of 6757100 and 245.
245
Calculate the highest common divisor of 1418 and 25897643.
709
Calculate the greatest common factor of 1956 and 86179404.
1956
Calculate the highest common divisor of 4371588 and 1872.
468
What is the greatest common divisor of 159236 and 1148?
28
What is the highest common divisor of 18374160 and 2256?
48
What is the greatest common divisor of 20393549 and 1221?
407
What is the greatest common divisor of 5688 and 223113222?
1422
Calculate the highest common divisor of 11810690 and 70.
10
What is the greatest common divisor of 80637201 and 39852?
3321
What is the highest common factor of 3188130 and 99?
33
What is the greatest common divisor of 25458555 and 13575?
2715
What is the highest common divisor of 158 and 92612806?
158
Calculate the highest common factor of 364 and 861497.
91
Calculate the greatest common divisor of 225160 and 1690.
130
What is the highest common factor of 790 and 10535090?
10
What is the highest common divisor of 15788290 and 580?
10
Calculate the highest common divisor of 1025 and 207017200.
1025
What is the highest common factor of 2826003 and 6384?
57
What is the highest common divisor of 525322 and 2385698?
3346
What is the highest common divisor of 474 and 234337542?
474
What is the highest common divisor of 4130 and 8456588?
826
What is the greatest common divisor of 630048 and 2928?
48
Calculate the greatest common factor of 69 and 15340287.
69
Calculate the greatest common divisor of 38285972 and 111.
37
Calculate the greatest common divisor of 108 and 151917039.
27
What is the highest common factor of 9785 and 4886135?
95
What is the greatest common factor of 100629907 and 3661?
3661
Calculate the greatest common factor of 1130 and 20713465.
565
Calculate the greatest common divisor of 402 and 142841186.
134
What is the greatest common divisor of 128105980 and 380?
380
What is the greatest common divisor of 653480 and 19465?
85
What is the greatest common divisor of 120 and 296936?
8
Calculate the highest common divisor of 598 and 192328438.
46
Calculate the greatest common factor of 162 and 29273562.
162
Calculate the highest common divisor of 2565 and 1684665.
135
What is the greatest common divisor of 7751 and 100234?
23
What is the greatest common divisor of 82 and 2772122?
2
What is the highest common factor of 5920650 and 11250?
450
Calculate the greatest common divisor of 29781 and 66069.
27
Calculate the highest common divisor of 883 and 63710216.
883
Calculate the highest common divisor of 2952 and 606384.
72
Calculate the greatest common factor of 79552151 and 7.
7
What is the highest common divisor of 668985 and 618927?
309
Calculate the greatest common divisor of 50327 and 297697